t h be k(2). Let o(r) = -11*r + 3. Let f(w) = 12*w - 4. Let i(d) = 4*f(d) + 5*o(d). Give i(h).
-8
Suppose j - 3*j - 8 = 0. Let p(w) = -16*w**3 - 20*w**2 - 10. Let b(a) = -3*a**3 - 4*a**2 - 2. Let u(f) = 11*b(f) - 2*p(f). Determine u(j).
-2
Let i = 9 - 12. Let u be 10*i/6 + -1. Let j(y) = y**3 + 5*y**2 - 6*y + 1. Calculate j(u).
1
Let a be (-8)/(-3)*(-6)/(-4). Suppose a = -3*k + 1. Let y(h) = 8*h**2 - 1. Calculate y(k).
7
Let o(x) be the second derivative of -x**4/12 + 4*x**3/3 - x**2 + 3*x. What is o(8)?
-2
Let j(d) = -5 + d**3 - 4*d + 2 + 2 - 2*d**2. Suppose 4*v - 4 = 8. Give j(v).
-4
Suppose 5*i = 4*i + 4*i. Let y(w) = w**3 - w**2 - 2. Calculate y(i).
-2
Let w(d) = -d**2 - 3*d - 1. Let p be w(-4). Let l(z) = z**2 + 2*z + 2. Let k(t) = t**2 + 3*t + 1. Let v(y) = 4*k(y) - 3*l(y). Calculate v(p).
-7
Let n(y) = -2*y**2 + 2*y + 2. Let w(s) = -s**2 - 10*s - 7. Let u be w(-9). Let k(d) = -d - 7. Let j be k(-7). Let f = j + u. Calculate n(f).
-2
Let s(q) = 2*q**3 - 2*q**2 + q - 3. Let d be s(2). Let l(g) = g**2 - 7*g + 9. What is l(d)?
9
Let w(u) = -6*u - 17. Let r(y) = -2*y - 6. Let j(g) = -17*r(g) + 6*w(g). Determine j(1).
-2
Let x(l) = l**2 + 8*l - 3. Suppose -5*q - 1 - 19 = 0. Calculate x(q).
-19
Suppose 0 = 9*b - 4*b - 5. Let n(a) = a + 1. Determine n(b).
2
Suppose -2*a + 9 = -5*a, -4*v + 4*a + 28 = 0. Let h(u) = 0*u - 3 + 1 + u - 1. Give h(v).
1
Let a(i) = 7*i - 1. Suppose -11 + 9 = 2*n. What is a(n)?
-8
Let p = 4 + 2. Suppose 3*r + p = 5*r. Let j(y) be the first derivative of 3*y**2/2 - 3*y + 4. Determine j(r).
6
Let v(m) = -m + 4. Let z(a) be the third derivative of a**6/120 - a**5/15 + 5*a**4/24 - 2*a**3/3 - a**2. Let g be z(3). Determine v(g).
2
Suppose -d - 5*o = 6, -5*d - 30 = -0*d - 5*o. Let x be d*(3 + 1*-4). Let r(a) = a**2 - 6*a - 3. Give r(x).
-3
Let w(y) be the first derivative of y**4/4 - y**3 - 3*y**2 + 6*y + 5. Determine w(4).
-2
Suppose -5*w = w - 12. Let f(c) = c**2 - 2. Determine f(w).
2
Let j(a) = -a + 3. Suppose -3*r + 0 - 15 = 0. Calculate j(r).
8
Let f(d) = 5*d**3 + 7*d**2 - 11. Let c(l) = 2*l**3 + 3*l**2 - 5. Let z(j) = 7*c(j) - 3*f(j). What is z(0)?
-2
Let u(t) = t**2 - 2*t. Let a = 17 + -12. Let n(f) = 5*f + f**2 + 2 + f + a. Let d be n(-5). Give u(d).
0
Let x(r) = 1 - 36*r + 26*r + 18*r. Give x(-1).
-7
Let p(z) = -z**3 - 2*z**2 + 3*z + 5. Let d be p(-2). Let y(c) = c**3 + c**2 + c. Calculate y(d).
-1
Let t = 43 - 42. Let p(q) be the first derivative of 3*q**4/4 - q**3/3 + q**2 - q - 2. Calculate p(t).
3
Let h(j) be the first derivative of -j**3/3 + 4*j + 11. Give h(-3).
-5
Suppose 5*y + 3*i - 141 = 0, 44 = 2*y - 0*y - 5*i. Suppose 2*c + y - 10 = -3*m, 5 = -3*m + c. Let b(w) = 2*w + 2. Determine b(m).
-4
Suppose 0 = -4*a + 15 + 1. Let q be (1*a)/(-4 - -5). Let l(f) = -2*f**2 - 2*f + 5 + 3*f**3 - 2*f**3 - 5*f. What is l(q)?
9
Let r(l) = -l + 1. Suppose 6*f - v = 2*f + 4, -22 = -3*f - 4*v. Suppose f*w + 0 = -2. Let c = w - 4. Determine r(c).
6
Let x = 6 - 4. Suppose 5*h - 4*j = -x, -4*j = 10 - 2. Let z(f) = -f + 2. What is z(h)?
4
Let i be (12/15)/((-8)/60). Let w(f) = -f**2 - 4*f + 4. Give w(i).
-8
Let g be (2/(-5))/((-1)/40). Let h = -9 + g. Let q(v) = v + 4. Determine q(h).
11
Suppose -2*i = -2*v - 10, -5 = 3*i - 4*i - 4*v. Let z(o) be the second derivative of 5/6*o**3 - 1/2*o**4 - o + 0 + o**2 + 1/20*o**i. What is z(4)?
-10
Let v(b) = -1 - 6*b + 16*b + 18*b**2 - 11*b. Give v(-1).
18
Let a(y) = -y**3 - 7*y**2 - y - 4. Suppose 70 = -10*g - 0. What is a(g)?
3
Suppose f = -2*v - f + 6, -v = -3*f - 11. Let l(o) = -1 + 2 - 7*o + v*o. Determine l(-2).
5
Let j(a) = -a**3 - 15*a**2 + 2*a + 22. Let w be j(-15). Let n(x) = -x - 3. Calculate n(w).
5
Suppose 0 = -2*w + 3*w - 5. Let j(b) = -3*b**2 - 7*b + 3. Let u(k) = 2*k**2 + 7*k - 2. Let y(l) = 3*j(l) + 4*u(l). Give y(w).
11
Let o = 5 + -15. Let a = -4 - o. Let c(i) = -i**2 + 6*i + 5. Determine c(a).
5
Let b(l) = 7*l**2 - 15*l - 7. Let n(a) = 2*a - 3*a - 7*a + 4*a**2 - 4. Suppose 3*y - 3*o = 3, -2*y - 4*o = -5*y + 1. Let r(k) = y*b(k) - 5*n(k). What is r(5)?
-1
Let l(b) be the third derivative of b**8/6720 - b**7/504 + b**6/240 + b**5/40 - b**4/12 + 3*b**2. Let k(j) be the second derivative of l(j). Give k(3).
-6
Let t(d) = 2*d + 2. Let p(v) = -v**2 - 14*v + 54. Let u be p(-17). Calculate t(u).
8
Let l(j) be the first derivative of -1/12*j**4 + 5/6*j**3 - 3*j**2 + j + 1. Let z(q) be the first derivative of l(q). Calculate z(5).
-6
Let k be (2*1)/(1/20). Suppose 4*a - k = 3*p, -a + 4*p = a - 30. Suppose 3*q + f - 2 - a = 0, 1 = q + f. Let m(t) = t**2 - 6*t + 3. What is m(q)?
-5
Let u(i) = -2*i**2 + 3*i - 1. Let c = -29 - -10. Let z be (c - 2)/3 - -2. Let y = z - -7. Determine u(y).
-3
Let f(u) = u**2 - 5*u + 6. Suppose 6*t - 9 - 15 = 0. Determine f(t).
2
Let a be 2 + (2 - 42/(-3)). Let f(g) = -14 + g + g + a. What is f(-3)?
-2
Let v(f) be the second derivative of -1/2*f**2 + 2*f - 1/6*f**3 + 0. Calculate v(-1).
0
Let m(c) = c**2 + 3*c + 4. Let k(s) = 3*s**3 - s**2. Let j be k(-1). Let z = j - -1. Calculate m(z).
4
Let i = 16 - 15. Let s(m) = 0*m**3 + 4*m**2 - 3*m - 2*m + m**3 + i. Let k(g) = -2*g**2 + 3*g + 4. Let x be k(3). Determine s(x).
1
Let d(c) be the first derivative of c**4/4 - c**3 - 2*c**2 + 2. Let h be (-116)/(-36) + 8/(-36). Give d(h).
-12
Let w(y) = -2*y**3 + y**2 - 2*y + 1. Let j be w(1). Let r be 8/3 - j/(-3). Let f(s) = -4 + s + 5*s**r - 11*s**3 - 5*s + 10*s**3. Calculate f(4).
-4
Let g(s) = 4*s - 92 - 3*s + 96. Let d(p) = -7*p**2 - 2*p - 3. Let w(c) = -c**2 - 1. Let u(j) = d(j) - 6*w(j). Let v be u(-3). Give g(v).
4
Let i(c) = 4 + 6*c**2 + 124*c + c**3 - 119*c + 0. Determine i(-5).
4
Let r(p) = -p**2 - 3*p + 2. Let l be r(-4). Let n = -4 - -9. Let u(x) = -4*x + n - 4 - 2. Give u(l).
7
Let h(p) be the first derivative of -7/6*p**3 + 5/2*p**2 + p + 1/12*p**4 - 1. Let f(r) be the first derivative of h(r). Calculate f(4).
-7
Let k be (3 - 11/3)*12. Let s be 44/(-16) - (-2)/k. Let q(j) = -j**2 - 4*j. What is q(s)?
3
Let w(h) = -h**2 - 8*h - 3. Let b(x) = x**3 - 12*x**2 - 15*x + 19. Let n = 33 + -20. Let t be b(n). Give w(t).
4
Let p be (-4)/(-10) + (-8)/(-5). Let m(y) = -y + 5 - 6 + 3*y - p*y**2. Let b(n) = -n**2 - 4*n - 2. Let s be b(-2). Calculate m(s).
-5
Let y = -2 - -1. Let g(r) be the first derivative of r**5/30 + r**4/24 + r**3 - 1. Let d(f) be the third derivative of g(f). Calculate d(y).
-3
Suppose -5*f - 12 = 3*n, 0*f - 3*f = 5*n + 20. Let l(i) = i**2 + 3*i - 4. Let j be l(n). Suppose j = 4*h - 5*h - 3. Let a(z) = z - 1. What is a(h)?
-4
Let u(x) = -5*x**3 + 10*x**2 - 6*x + 3. Let z(g) = 4*g**3 - 9*g**2 + 5*g - 4. Let b(l) = -3*u(l) - 4*z(l). Let w = 18 + -12. Calculate b(w).
-5
Let l(k) = -20*k - 43. Let w(i) = 7*i + 14. Let n(b) = 6*l(b) + 17*w(b). Calculate n(-10).
-10
Suppose y - k = -13, 5*y + 3*k + 58 = k. Let x = y - -17. Let z(o) = -o**3 + 6*o**2 - 4*o - 7. Calculate z(x).
-2
Suppose -4*f = -6 - 6. Let x(r) be the first derivative of r**4/4 - 4*r**3/3 + r**2 + 2*r + 14. Determine x(f).
-1
Let j(b) = 3 + b + 0*b + 2*b - 2. Determine j(3).
10
Let f(g) = g + 1. Let d be (0/(-2))/(6 - 8). Determine f(d).
1
Let h be (-1)/(3/(-30)*2). Let c(b) = -b + 0*b - 2 + h*b + b**2. Let n = -7 - -3. What is c(n)?
-2
Let u(b) = -5*b + 1. Let v(m) = 1. Let w(a) = -u(a) + v(a). Calculate w(-1).
-5
Let d(v) = -v**2 + 3*v - 3. Let z(x) = -13*x + 10 + x + 2*x**2 + 2*x + 2*x**2. Let i(n) = 14*d(n) + 4*z(n). Give i(-2).
2
Suppose b = -3*b + 12. Let r(p) be the first derivative of -p**2 - 3*p - 4. Calculate r(b).
-9
Let f = 3 + -4. Let i be (-3 - f)*(-10)/(-4). Let s(p) = p**2 + 6*p + 3. Let d(v) = -2*v**2 - 12*v - 6. Let r(k) = -6*d(k) - 11*s(k). Give r(i).
-2
Let s(v) = -3*v**3 - v**2 + v. Let n be s(1). Let b be 14/n + (-9)/27. Let r(x) = -x**3 - 6*x**2 - 4*x + 6. Calculate r(b).
1
Let j(y) = 4*y**2 + 4*y + 5. Let h(c) = -9*c**2 - 9*c - 11. Let r(p) = -3*h(p) - 7*j(p). Determine r(-2).
-4
Suppose 0 = -5*s + 39 + 6. Let v(o) = -o**2 + 8*o + 4. Let l be v(s). Let k(c) = -2*c - 5. Determine k(l).
5
Let u(n) = -n**3 + 3*n**2 - 1. Let r be u(2). Let g(p) = -p - 3 + r + 2*p. Give g(-5).
-5
Let o(z) = -z**3 + z + 2. Let k(w) = -5*w**3 + 5*w + 9. Let b(d) = 2*d**2 - 2*d**2 - 7 + d**2 - 8*d. Let m be b(9). Let t(c) = m*k(c) - 9*o(c). What is t(1)?
0
Let t(l) be the second de